se
Is 1602 a multiple of 18?
True
Does 42 divide 29029?
False
Is 102 a factor of 7514?
False
Does 249 divide 14193?
True
Is 11 a factor of 1804?
True
Is 9 a factor of 828?
True
Is 890 a multiple of 10?
True
Is 25538 a multiple of 113?
True
Is 33167 a multiple of 73?
False
Is 59 a factor of 13157?
True
Is 3 a factor of 394?
False
Does 2 divide 1069?
False
Is 9 a factor of 594?
True
Is 8 a factor of 121?
False
Does 53 divide 1616?
False
Is 65 a factor of 258?
False
Is 31 a factor of 4557?
True
Is 72290 a multiple of 10?
True
Does 16 divide 3328?
True
Is 3 a factor of 249?
True
Is 1376 a multiple of 50?
False
Is 18 a factor of 8411?
False
Is 29 a factor of 4060?
True
Is 18000 a multiple of 120?
True
Is 92 a multiple of 46?
True
Is 100 a multiple of 31?
False
Is 5 a factor of 175?
True
Does 91 divide 53690?
True
Is 2 a factor of 94?
True
Does 32 divide 2525?
False
Does 17 divide 97002?
True
Does 34 divide 3128?
True
Is 2982 a multiple of 13?
False
Is 27 a factor of 1162?
False
Does 3 divide 9936?
True
Does 18 divide 74052?
True
Is 39 a factor of 1014?
True
Does 50 divide 7561?
False
Is 279 a multiple of 100?
False
Is 104 a factor of 9984?
True
Does 99 divide 495?
True
Is 8501 a multiple of 3?
False
Is 1245 a multiple of 32?
False
Does 163 divide 14833?
True
Does 8 divide 145?
False
Is 70 a factor of 5957?
False
Is 6 a factor of 514?
False
Is 8 a factor of 1389?
False
Is 5707 a multiple of 14?
False
Is 55176 a multiple of 66?
True
Is 6300 a multiple of 252?
True
Is 6 a factor of 5724?
True
Is 41 a factor of 350?
False
Does 27 divide 2025?
True
Is 16520 a multiple of 59?
True
Is 36146 a multiple of 102?
False
Is 64 a factor of 6597?
False
Is 1655 a multiple of 69?
False
Is 45232 a multiple of 44?
True
Is 13 a factor of 729?
False
Does 22 divide 374?
True
Is 5 a factor of 805?
True
Is 8772 a multiple of 51?
True
Is 23 a multiple of 2?
False
Is 11 a factor of 5201?
False
Does 68 divide 12422?
False
Does 18 divide 4814?
False
Does 81 divide 43173?
True
Does 84 divide 18911?
False
Is 15 a factor of 3006?
False
Is 672 a multiple of 14?
True
Is 15 a factor of 13245?
True
Is 8 a factor of 5800?
True
Does 39 divide 69995?
False
Is 9337 a multiple of 10?
False
Is 58611 a multiple of 38?
False
Is 67 a factor of 67?
True
Does 6 divide 180?
True
Is 10519 a multiple of 67?
True
Is 35 a factor of 4959?
False
Is 118 a multiple of 8?
False
Does 45 divide 630?
True
Does 4 divide 2077?
False
Is 10062 a multiple of 18?
True
Is 7 a factor of 3622?
False
Is 15 a factor of 431?
False
Is 35 a factor of 2170?
True
Is 9 a factor of 6134?
False
Is 83 a factor of 36189?
False
Is 59 a factor of 20661?
False
Is 17 a factor of 6103?
True
Is 1401 a multiple of 30?
False
Is 34 a factor of 75125?
False
Does 12 divide 10834?
False
Is 3672 a multiple of 34?
True
Does 5 divide 247?
False
Is 53 a factor of 1060?
True
Is 5 a factor of 436?
False
Is 6 a factor of 3927?
False
Does 100 divide 1067?
False
Is 5460 a multiple of 12?
True
Does 171 divide 6498?
True
Does 11 divide 471?
False
Is 38 a factor of 950?
True
Does 128 divide 2057?
False
Is 913 a multiple of 11?
True
Is 2943 a multiple of 10?
False
Is 1160 a multiple of 8?
True
Is 980 even?
True
Is 81 a factor of 16230?
False
Is 1539 a multiple of 33?
False
Does 7 divide 1943?
False
Does 5 divide 378?
False
Does 3 divide 600?
True
Does 87 divide 2027?
False
Does 2 divide 904?
True
Is 5740 a multiple of 20?
True
Is 3983 a multiple of 26?
False
Is 11 a factor of 1162?
False
Is 48 a factor of 5783?
False
Is 543 a multiple of 71?
False
Does 10 divide 32?
False
Does 93 divide 5487?
True
Is 169 a multiple of 13?
True
Is 69887 a multiple of 17?
True
Is 345 a multiple of 5?
True
Is 10 a factor of 16990?
True
Does 7 divide 1309?
True
Is 805 a multiple of 35?
True
Does 12 divide 35?
False
Is 798 a multiple of 42?
True
Is 1242 a multiple of 69?
True
Is 1988 a multiple of 10?
False
Is 41 a factor of 2191?
False
Is 8 a factor of 837?
False
Is 112 a multiple of 56?
True
Is 8608 a multiple of 101?
False
Does 107 divide 45796?
True
Is 35 a factor of 210?
True
Does 5 divide 857?
False
Is 38 a factor of 34359?
False
Does 87 divide 13937?
False
Does 36 divide 4912?
False
Is 11 a factor of 5266?
False
Is 28 a factor of 61807?
False
Is 32 a factor of 2072?
False
Is 928 a multiple of 42?
False
Is 20 a factor of 7980?
True
Is 4 a factor of 4680?
True
Is 84 a factor of 3155?
False
Is 1488 a multiple of 48?
True
Is 120 a multiple of 10?
True
Does 83 divide 2979?
False
Does 2 divide 3024?
True
Is 392 a multiple of 8?
True
Is 1835 a multiple of 26?
False
Is 19 a factor of 26856?
False
Is 2027 a multiple of 35?
False
Does 125 divide 5955?
False
Is 1820 a multiple of 28?
True
Is 6 a factor of 474?
True
Does 35 divide 6090?
True
Does 160 divide 4800?
True
Is 17 a factor of 1441?
False
Does 23 divide 23851?
True
Is 328 a multiple of 4?
True
Is 15 a multiple of 5?
True
Is 2336 a multiple of 10?
False
Does 73 divide 65627?
True
Is 149887 a multiple of 13?
False
Is 47 a factor of 1222?
True
Is 14 a factor of 43?
False
Is 19272 a multiple of 8?
True
Is 26019 a multiple of 59?
True
Does 26 divide 8398?
True
Is 8314 a multiple of 76?
False
Does 5 divide 121?
False
Is 13920 a multiple of 58?
True
Does 97 divide 2363?
False
Is 10 a factor of 278?
False
Is 639 a multiple of 9?
True
Is 23 a factor of 795?
False
Does 16 divide 367?
False
Does 3 divide 144?
True
Is 53 a factor of 14045?
True
Does 32 divide 36256?
True
Is 31 a factor of 57638?
False
Is 68 a factor of 1020?
True
Is 11 a factor of 21252?
True
Is 758 a multiple of 2?
True
Does 15 divide 696?
False
Is 4386 a multiple of 102?
True
Does 42 divide 1286?
False
Is 144 a factor of 67561?
False
Is 2023 a multiple of 127?
False
Is 171 a factor of 4104?
True
Is 80 a factor of 2205?
False
Does 8 divide 5256?
True
Does 12 divide 553?
False
Is 45 a factor of 954?
False
Is 37 a factor of 96933?
False
Is 7100 a multiple of 142?
True
Is 38 a factor of 24282?
True
Does 20 divide 3660?
True
Is 5192 a multiple of 59?
True
Does 132 divide 15518?
False
Is 2697 a multiple of 33?
False
Does 20 divide 5789?
False
Does 345 divide 48300?
True
Does 5 divide 611?
False
Does 15 divide 1320?
True
Is 35530 a multiple of 187?
True
Is 40 a factor of 25385?
False
Is 8 a factor of 1904?
True
Does 19 divide 9828?
False
Is 16 a factor of 1264?
True
Is 3066 a multiple of 13?
False
Is 6 a factor of 113?
False
Is 6629 a multiple of 20?
False
Is 1483 a multiple of 17?
False
Is 4 a factor of 168?
True
Is 58 a factor of 148?
False
Does 133 divide 6251?
True
Is 13 a factor of 3081?
True
Is 4045 a multiple of 49?
False
Does 12 divide 1092?
True
Is 49 a factor of 74?
False
Does 57 divide 148?
False
Is 49220 a multiple of 115?
True
Is 4695 a multiple of 114?
False
Does 10 divide 3313?
False
Is 102 a factor of 4488?
True
Does 27 divide 999?
True
Is 8680 a multiple of 155?
True
Is 1328 a multiple of 271?
False
Is 1161 a multiple of 43?
True
Is 44 a factor of 13795?
False
Is 15 a factor of 10213?
False
Is 2002 a multiple of 26?
True
Is 3 a factor of 1654?
False
Does 12 divide 2808?
True
Is 408 a multiple of 28?
False
Does 8 divide 930?
False
Does 14 divide 7320?
False
Does 24 divide 864?
True
Is 486 even?
True
Does 27 divide 50?
False
Does 178 divide 14698?
False
Does 35 divide 56?
False
Is 131 a factor of 4716?
True
Does 137 divide 3756?
False
Is 16958 a multiple of 122?
True
Is 21708 a multiple of 268?
True
Is 51378 a multiple of 57?
False
Does 15 divide 630?
True
Is 68 a factor of 204?
True
Is 270 a multiple of 6?
True
Is 7441 a multiple of 2?
False
Is 93186 a multiple of 12?
False
Is 49 a multiple of 7?
True
Is 27193 a multiple of 6?
False
Is 3595 a multiple of 3?
False
Is 632 a multiple of 24?
False
Does 69 divide 54233?
False
Does 19 divide 1244?
False
Is 197 a multiple of 18?
False
Is 41339 a multiple of 16?
False
Is 52 a factor of 520?
True
Does 20 divide 300?
True
Does 28 divide 25396?
True
Is 14 a factor of 630?
True
Is 1120 a multiple of 160?
True
Does 11 divide 896?
False
Does 142 divide 19175?
False
Is 28 a factor of 4956?
True
Is 3828 a multiple of 12?
True
Is 596 a multiple of 46?
False
Is 1331 a multiple of 11?
True
Does 5 divide 40?
True
Is 2 a factor of 4047?
False
Is 6304 a multiple of 32?
True
Is 6547 a multiple of 44?
False
Is 24 a factor